ne r(3).
-6
Let b(h) be the third derivative of -h**6/360 - h**5/24 + h**4/3 + 22*h**3/3 - 19*h**2. Let g(m) be the first derivative of b(m). What is g(-6)?
2
Let i(b) = 33 - 15 - b**2 + 1 - 6. Calculate i(0).
13
Suppose 3*m + 1 = -3*c - 11, -5*m + 4*c = -25. Let b = 4 - m. Let k(u) = -4 + b + 3*u - 2. What is k(5)?
12
Suppose 3*k - 6*k + 24 = 0. Let c(l) = l - 10 + 6 + 5. Let z(h) = 4*h + 11. Let j(v) = 5*c(v) - z(v). Give j(k).
2
Let x(i) = -i**3 + 2*i**2 + 2*i - 2. Suppose -15 = 5*q - 5*h, -6 - 6 = 2*q - 4*h. Suppose 23*b - 22*b - 4 = q. Calculate x(b).
-26
Let r(x) = 2*x**2 - 3*x - 2. Let i = 188 + -184. Determine r(i).
18
Let d(w) = -w**3 + 2*w. Let c(i) = 3*i + 13. Let r be c(-5). Let x be d(r). Let o(a) be the third derivative of a**5/60 - a**4/8 - a**3/3 + a**2. Give o(x).
2
Let z(o) = -o**2 - 6*o - 4. Let h be z(-4). Let y be (2 - -1 - h)*-5. Let f(j) = -3 + j - j - 1 + y*j. Give f(3).
11
Let b(l) = -11*l. Let h(q) = -49*q - 4. Let y(k) = -4*b(k) + h(k). Calculate y(3).
-19
Let h = -1250 - -1250. Let b(w) = -2*w + 22. Determine b(h).
22
Let v(a) be the second derivative of -a**5/20 - 3*a**4/4 - 5*a**3/3 + a**2 - a - 23. Give v(-8).
18
Let y(u) = -2*u - 4. Suppose 7 = 3*w - 4*w. Let p = w + 6. Let z = p - 2. What is y(z)?
2
Let n(g) = -14*g**3. Suppose -m = 5 - 3. Let c be (3 - 4)/((-2)/m). Calculate n(c).
14
Let j(o) = -o**3 - 9*o**2 + 11*o + 9. Let c = -599 + 589. Determine j(c).
-1
Let x(k) = -k**3 + 6*k**2 - k + 6. Let o(h) = h**3 - 3*h**2 - h + 1. Let z be o(3). Let j be -4*z*9/12. Determine x(j).
0
Let o(z) = 4*z - 4. Let y(x) = 718 + 2*x - 721 + 0*x. Let p(n) = 2*o(n) - 5*y(n). Calculate p(5).
-3
Suppose 0 = o + 4*o + 25. Let c = -1 - o. Let f(s) = s**2 - 6*s + 4. Calculate f(c).
-4
Let r(u) be the third derivative of -u**4/12 + 2*u**3/3 - 666*u**2. Give r(5).
-6
Let d(m) = m**2 + 22*m - 257. Let h be d(9). Let g(t) = -2*t**2 + 45*t - 21. What is g(h)?
1
Let h(y) be the second derivative of -y**4/12 - y**3/6 - y**2/2 - 12*y. Let r(a) = 7*a**2 + 5*a + 12. Let b(w) = 6*h(w) + r(w). Give b(0).
6
Let c be (-8)/(-2) - (2 - -2)/(-2). Let s be 25/(-6) - (-1)/c. Let v(u) = 3*u**3 - 5*u**3 + u**3 - 4*u**2 - 5. Determine v(s).
-5
Suppose 2*u + 3*d - 5 = u, 0 = -5*u - 3*d + 13. Let t be 10/(-15)*9/u. Let w(a) = 5*a + 3. Let g(c) = 22*c + 13. Let f(z) = -2*g(z) + 9*w(z). Give f(t).
-2
Let u(a) = a**3 - 10*a**2 - 10*a + 16. Suppose 5*i - 3*k - 8 = 62, k + 38 = 3*i. Determine u(i).
27
Let v(l) = l**2 - l - 39. Let k be v(7). Let g = 2 + -1. Suppose -2*m = -5*w + 2*m - 37, 2*w + g = -k*m. Let s(c) = -c + 2. Give s(w).
7
Let v(i) = -2*i**2 + 1. Let t = 16 - 10. Suppose -k = -t - 3. Let n(b) = -b**3 + 8*b**2 + 9*b - 2. Let y be n(k). Determine v(y).
-7
Let o(u) = u**2 + u. Let t be o(-3). Let c(h) = h**3 + 11*h**2 - 1. Let s(b) = -b**2 - 1. Let g(a) = t*s(a) + c(a). Give g(-5).
-7
Suppose k + y - 4 = 0, 28 = 4*k - 0*y - 2*y. Let o be k + -6 - -1*12. Let s(b) = -b + 14 + 0*b - 12 + o. Determine s(0).
14
Suppose 0 = f + 5 - 1. Let m(p) be the second derivative of -p**5/20 - p**4/4 + p**3/2 + p**2/2 - 5*p. Calculate m(f).
5
Let i(p) = -p**3 - 15*p**2 + 16*p + 4. Let k be i(-16). Let x(b) = b**3 - 2*b**2 - 6*b + 6. Calculate x(k).
14
Let d(w) = w**2 - 7*w. Suppose 2*s - 7 - 7 = 0. Suppose -3*f = -4*f + s. Let m be d(f). Let c(g) = -g**2 + 11. Determine c(m).
11
Let s = -2182 + 2186. Let u(b) = b**3 - 5*b**2 + 4*b - 2. Give u(s).
-2
Let g(m) = 7 - 3 - 6*m + 7. Let n be g(3). Let v(b) = b + 4. Calculate v(n).
-3
Let j(v) = v**3 - 5*v**2 - 15*v + 9. Let i be j(7). Let r be (18/(-9)*1)/((-1)/i). Let f(z) = z**3 - 3*z**2 - 6*z + 1. Determine f(r).
-7
Let f = -273 + 278. Let x(b) = 2*b**2 - b - 5*b + 4*b - b**3 + 4 + f*b. Let p(t) = t**2 - t + 3. Let g be p(0). Determine x(g).
4
Let h = 18 + -2. Suppose 0 = -497*x + 490*x. Suppose x = 4*k - 0*k - h, 3*k - 9 = -b. Let u(f) = -f**3 - 4*f**2 - f - 1. Give u(b).
-7
Let g(r) = r - 9. Suppose 2*j = -2, 4*y - 10 = 2*y + 2*j. Suppose 0 = d + s + 3, 0*d = -4*d + y*s + 12. Give g(d).
-9
Suppose -11 = -4*y + d + 4*d, -3*y = -d - 11. Let o be 24/y*2/3. Suppose o*w - l + 28 = 0, w - 2*w + l - 10 = 0. Let x(j) = -j**2 - 7*j - 6. What is x(w)?
0
Let d = 529 + -535. Let c(n) = -6 + 5 - 3*n - 7. Calculate c(d).
10
Let s = 1 + -1. Suppose -b - b = s. Let p(q) be the first derivative of q**3/3 - q**2/2 - 3*q + 859. Determine p(b).
-3
Let q(h) be the second derivative of h**5/60 + h**4/4 - 5*h**3/2 - 30*h. Let s(x) be the second derivative of q(x). Give s(-4).
-2
Let g(c) = -c**2 - 2*c + 3. Let b = -554 - -551. Give g(b).
0
Let q be (-2)/5 + 92/(-20). Let h be 2/(-5)*(-50)/(-5). Let d(c) = c**2 + 7*c + 1. Let g(z) = z**2 + 7*z + 1. Let v(u) = h*d(u) + 5*g(u). Give v(q).
-9
Let p(f) = -f**3 - 5*f**2 + 4*f - 2. Let t be 2 + 5 - 4/(16/52). Calculate p(t).
10
Suppose -5*j - 16 = g, 0 = 4*g - 9*g - 4*j + 4. Let o(x) = -x**2 + 0*x**2 + 4 + 4*x**2 - x**3 + 4*x. What is o(g)?
4
Let d(q) = q**3 + 6*q**2 - q - 8. Let o(y) = 3*y**2 + 3*y + 2. Let s be o(-2). Suppose -4*l = 3*u - 0*u + 30, -u - s = l. What is d(l)?
-2
Let k be (-88)/14 - (-20)/70. Let s(r) = -r**3 - 5*r**2 + 6*r - 2. Calculate s(k).
-2
Let k = 65 + -61. Suppose 3*t = -k*h + 27, 0*h - 14 = -4*t + 2*h. Let w(q) = q. Give w(t).
5
Let w(n) = 131*n + 13 - 77*n - 56*n. Give w(6).
1
Let z(m) = m**3 + 6*m**2 + 5. Let d be z(-6). Suppose 3*t = p + 8, 3*p - d*t + 12 = -0*t. Let v(w) = -5*w + 1. Determine v(p).
-4
Let f(p) = -11*p**2 + 4*p + 30*p**2 + 4 - 20*p**2 - 6. Calculate f(4).
-2
Let g(f) = f**2 - 5*f + 5. Let c = -20 + 1. Suppose 2516*m - 216 = 2507*m. Let y = m + c. Give g(y).
5
Let q(k) = k - 6. Let s(n) = n - 6. Let f be s(6). Let h be -3 - -2 - (f + -7). Suppose 0 = p - h*p - 25. Give q(p).
-11
Let b(k) = 2*k**2 + 2*k - 1. Let t(w) = 2*w**2 - 2*w**2 + 1 - w**2 - 3*w. Let j be (10/(-5))/(8/12). Let f(i) = j*t(i) - 2*b(i). Determine f(5).
-1
Let y be 60/160 + 22/(-16). Let f(u) = 4*u**3 + 4*u + 5. Let o(s) be the second derivative of -s**3/6 - s**2/2 + s. Let b(p) = f(p) + 4*o(p). Give b(y).
-3
Let t(o) = 19*o - 4. Let d(c) = -35*c + 7. Let v(h) = 6*d(h) + 11*t(h). Determine v(3).
-5
Let h(g) = g**3 - 5*g**2 + 5*g + 4. Let k = 426 - 422. Calculate h(k).
8
Let w be (-2 + 4)*19/38. Let l(s) = 29*s**2 - 29*s**2 - 5*s**3 + s - 1. Calculate l(w).
-5
Let s = -20 + 10. Let d be 40/(-7) + s/35. Let m(z) = 9*z**2 - z - 8. Let p(r) = -8*r**2 + r + 7. Let l(x) = d*m(x) - 7*p(x). Calculate l(-2).
9
Let q = 14 - 20. Let g(u) = u**3 - u**2 - 1. Let h(k) = 5*k**3 - 13*k**2 - 7*k - 12. Let b(p) = 6*g(p) - h(p). Determine b(q).
0
Let x(y) = 5*y - 8. Let o = -70 + 71. Let g be x(o). Let n(c) = c**3 + 3*c**2 - 3*c - 3. Determine n(g).
6
Let u = -3 - -3. Suppose u = -2*r + 3*r. Let o(g) be the third derivative of -g**6/120 - g**5/60 + g**4/24 - 2*g**3/3 + 14*g**2. Give o(r).
-4
Suppose 0*s + 6 = -2*s, 18 = 5*o + 4*s. Let f be (3*o)/(-3) + 0. Let y(i) be the third derivative of -i**4/24 - 11*i**3/6 + 5*i**2 - 4. Give y(f).
-5
Let f(v) = 3*v**2 - 4*v - 30. Let g be f(3). Let i(t) = -t**3 - 14*t**2 + 13*t - 12. Determine i(g).
18
Let u be (-6)/(((-3)/(-2))/1). Let p(n) = -n**3 + 2*n + 2. Let a be p(0). Let w(l) = -6 + l**2 - 5*l**2 + 15*l**2 + l**3 - 7*l**2 - a*l. What is w(u)?
2
Let i(u) = 8 + u**3 - 5 + 5*u - 7 + 9*u**2 + 3. Give i(-8).
23
Let i(c) = c - 5. Let k = 368 - 372. What is i(k)?
-9
Let b(h) be the first derivative of h**2 - 10*h + 15. Let k(i) = -1. Let g(t) = -b(t) + 3*k(t). Determine g(5).
-3
Let m(o) = 12 - 40 + 11 + 2*o + 24. Determine m(3).
13
Let x = 22 + -14. Suppose -x*g - 45 = 51. Let c(o) = o**2 + 13*o + 11. What is c(g)?
-1
Let q(x) = x**2 + 8*x. Let a(t) = 7*t - 30. Let j be a(3). Determine q(j).
9
Suppose -2*x = -4*b + 12, x - 3*b + 1 = -9. Let c(w) = x*w + 1 + 2*w - 3*w. Let n be 2*(75/(-6))/5. Determine c(n).
-4
Let p(w) = w**2 - 23*w - 21. Suppose -310 = -9*u - 94. What is p(u)?
3
Suppose -2*t + 7 = 1. Let d(g) = 2*g - 1 - 6*g + t. Suppose -2*n - 6 = -3*r, 0 = 775*r - 774*r - 3*n - 2. Determine d(r).
-6
Let g(y) be the first derivative of -y**3/3 + y**2 + y + 176. Give g(3).
-2
Suppose 2*t = 6, 2*j - 2*t = 2*t - 4. Suppose 117*y - 48 = 109*y. Suppose -y*n - 2 = -j*n. Let p(g) = -5*g**2 - 1. What is p(n)?
-6
Let v(q) = -11*q**2 - 11*q + 5. Let i(h) = 29*h**2 + 